39750.
2, 3, 5, 53
List the prime factors of 120.
2, 3, 5
What are the prime factors of 18197?
31, 587
What are the prime factors of 963?
3, 107
What are the prime factors of 15531?
3, 31, 167
What are the prime factors of 705?
3, 5, 47
What are the prime factors of 65218?
2, 32609
What are the prime factors of 58370?
2, 5, 13, 449
What are the prime factors of 309?
3, 103
What are the prime factors of 3764?
2, 941
List the prime factors of 55759.
11, 37, 137
List the prime factors of 600.
2, 3, 5
List the prime factors of 22372.
2, 7, 17, 47
What are the prime factors of 50656?
2, 1583
List the prime factors of 18702.
2, 3, 1039
What are the prime factors of 52956?
2, 3, 1471
What are the prime factors of 46455?
3, 5, 19, 163
What are the prime factors of 20703?
3, 67, 103
List the prime factors of 74886.
2, 3, 7, 1783
What are the prime factors of 3119?
3119
List the prime factors of 3974.
2, 1987
List the prime factors of 8001.
3, 7, 127
What are the prime factors of 95148?
2, 3, 881
List the prime factors of 69998.
2, 31, 1129
List the prime factors of 3989.
3989
List the prime factors of 2268.
2, 3, 7
What are the prime factors of 6059?
73, 83
What are the prime factors of 35011?
157, 223
List the prime factors of 28826.
2, 7, 29, 71
What are the prime factors of 21092?
2, 5273
List the prime factors of 12538.
2, 6269
List the prime factors of 2224.
2, 139
What are the prime factors of 1464?
2, 3, 61
What are the prime factors of 14019?
3, 4673
List the prime factors of 1482.
2, 3, 13, 19
What are the prime factors of 7955?
5, 37, 43
List the prime factors of 79823.
79823
What are the prime factors of 948?
2, 3, 79
What are the prime factors of 3867?
3, 1289
What are the prime factors of 1602?
2, 3, 89
List the prime factors of 1259.
1259
What are the prime factors of 167?
167
What are the prime factors of 129249?
3, 4787
List the prime factors of 678.
2, 3, 113
What are the prime factors of 923?
13, 71
What are the prime factors of 3857?
7, 19, 29
List the prime factors of 2596.
2, 11, 59
List the prime factors of 41555.
5, 8311
List the prime factors of 84.
2, 3, 7
What are the prime factors of 13562?
2, 6781
List the prime factors of 26166.
2, 3, 7, 89
What are the prime factors of 16976?
2, 1061
What are the prime factors of 34149?
3, 11383
What are the prime factors of 32315?
5, 23, 281
List the prime factors of 21580.
2, 5, 13, 83
What are the prime factors of 6703?
6703
List the prime factors of 49902.
2, 3, 8317
List the prime factors of 3355.
5, 11, 61
List the prime factors of 45791.
29, 1579
What are the prime factors of 42236?
2, 10559
What are the prime factors of 7358?
2, 13, 283
List the prime factors of 1094.
2, 547
List the prime factors of 1337.
7, 191
What are the prime factors of 19233?
3, 2137
What are the prime factors of 3808?
2, 7, 17
What are the prime factors of 464?
2, 29
List the prime factors of 1352.
2, 13
List the prime factors of 2502.
2, 3, 139
List the prime factors of 131746.
2, 19, 3467
List the prime factors of 67235.
5, 7, 17, 113
List the prime factors of 69035.
5, 13807
What are the prime factors of 3475?
5, 139
What are the prime factors of 8586?
2, 3, 53
List the prime factors of 5833.
19, 307
List the prime factors of 6833.
6833
What are the prime factors of 96871?
73, 1327
List the prime factors of 830.
2, 5, 83
List the prime factors of 3310.
2, 5, 331
What are the prime factors of 5057?
13, 389
List the prime factors of 1746.
2, 3, 97
List the prime factors of 147.
3, 7
List the prime factors of 1213.
1213
List the prime factors of 987.
3, 7, 47
List the prime factors of 6805.
5, 1361
List the prime factors of 5435.
5, 1087
List the prime factors of 7674.
2, 3, 1279
What are the prime factors of 698?
2, 349
What are the prime factors of 154401?
3, 13, 37, 107
What are the prime factors of 51343?
51343
What are the prime factors of 1269?
3, 47
List the prime factors of 867.
3, 17
List the prime factors of 5175.
3, 5, 23
List the prime factors of 991.
991
List the prime factors of 1468.
2, 367
What are the prime factors of 1137?
3, 379
What are the prime factors of 27901?
27901
List the prime factors of 5321.
17, 313
What are the prime factors of 9068?
2, 2267
What are the prime factors of 2323?
23, 101
List the prime factors of 28820.
2, 5, 11, 131
List the prime factors of 2260.
2, 5, 113
List the prime factors of 102316.
2, 25579
List the prime factors of 4949.
7, 101
What are the prime factors of 2130?
2, 3, 5, 71
What are the prime factors of 80400?
2, 3, 5, 67
What are the prime factors of 660?
2, 3, 5, 11
What are the prime factors of 47170?
2, 5, 53, 89
What are the prime factors of 2630?
2, 5, 263
List the prime factors of 22101.
3, 53, 139
List the prime factors of 858.
2, 3, 11, 13
List the prime factors of 22540.
2, 5, 7, 23
What are the prime factors of 7660?
2, 5, 383
What are the prime factors of 454?
2, 227
List the prime factors of 4501.
7, 643
What are the prime factors of 15483?
3, 13, 397
List the prime factors of 472.
2, 59
List the prime factors of 753.
3, 251
List the prime factors of 2161.
2161
List the prime factors of 4050.
2, 3, 5
List the prime factors of 840.
2, 3, 5, 7
What are the prime factors of 4382?
2, 7, 313
What are the prime factors of 2658?
2, 3, 443
List the prime factors of 620.
2, 5, 31
What are the prime factors of 26375?
5, 211
List the prime factors of 11135.
5, 17, 131
What are the prime factors of 1113?
3, 7, 53
What are the prime factors of 1467?
3, 163
List the prime factors of 7378.
2, 7, 17, 31
What are the prime factors of 6714?
2, 3, 373
What are the prime factors of 2375?
5, 19
List the prime factors of 10723.
10723
What are the prime factors of 3009?
3, 17, 59
What are the prime factors of 3097?
19, 163
What are the prime factors of 29896?
2, 37, 101
What are the prime factors of 9280?
2, 5, 29
What are the prime factors of 1311?
3, 19, 23
What are the prime factors of 7972?
2, 1993
List the prime factors of 1810.
2, 5, 181
List the prime factors of 24376.
2, 11, 277
What are the prime factors of 10603?
23, 461
List the prime factors of 326.
2, 163
List the prime factors of 7484.
2, 1871
What are the prime factors of 1478?
2, 739
List the prime factors of 1407.
3, 7, 67
What are the prime factors of 27350?
2, 5, 547
List the prime factors of 4173.
3, 13, 107
List the prime factors of 7316.
2, 31, 59
List the prime factors of 14647.
97, 151
What are the prime factors of 7246?
2, 3623
List the prime factors of 2529.
3, 281
What are the prime factors of 354?
2, 3, 59
What are the prime factors of 1880?
2, 5, 47
List the prime factors of 46650.
2, 3, 5, 311
What are the prime factors of 1053?
3, 13
List the prime factors of 436.
2, 109
List the prime factors of 15606.
2, 3, 17
List the prime factors of 56664.
2, 3, 787
List the prime factors of 2158.
2, 13, 83
What are the prime factors of 1210?
2, 5, 11
What are the prime factors of 5055?
3, 5, 337
What are the prime factors of 118?
2, 59
List the prime factors of 5995.
5, 11, 109
What are the prime factors of 115735?
5, 79, 293
List the prime factors of 27473.
83, 331
List the prime factors of 508.
2, 127
What are the prime factors of 165010?
2, 5, 29, 569
What are the prime factors of 82837?
82837
List the prime factors of 506.
2, 11, 23
List the prime factors of 1003.
17, 59
List the prime factors of 150.
2, 3, 5
What are the prime factors of 4505?
5, 17, 53
List the prime factors of 22123.
22123
What are the prime factors of 73572?
2, 3, 6131
List the prime factors of 939.
3, 313
What are the prime factors of 26030?
2, 5, 19, 137
List the prime factors of 174210.
2, 3, 5, 5807
What are the prime factors of 844?
2, 211
List the prime factors of 1638.
2, 3, 7, 13
What are the prime factors of 4022?
2, 2011
What are the prime factors of 34?
2, 17
List the prime factors of 1638.
2, 3, 7, 13
List the prime factors of 13503.
3, 7, 643
List the prime factors of 908.
2, 227
List the prime factors of 4666.
2, 2333
What are the prime factors of 2553?
3, 23, 37
What are the prime factors of 7868?
2, 7, 281
What are the prime factors of 56152?
2, 7019
List the prime factors of 1942.
2, 971
What are the prime factors of 31635?
3, 5, 19, 37
List the prime factors of 94.
2, 47
List the prime factors 